s the remainder when 14865 is divided by 126?
123
What is the remainder when 680 is divided by 113?
2
What is the remainder when 52 is divided by 17?
1
What is the remainder when 1010 is divided by 126?
2
What is the remainder when 459 is divided by 114?
3
What is the remainder when 230 is divided by 30?
20
Calculate the remainder when 563 is divided by 328.
235
What is the remainder when 390 is divided by 128?
6
What is the remainder when 303 is divided by 38?
37
What is the remainder when 1917 is divided by 66?
3
Calculate the remainder when 10248 is divided by 67.
64
What is the remainder when 998 is divided by 6?
2
What is the remainder when 1820 is divided by 233?
189
What is the remainder when 124 is divided by 46?
32
Calculate the remainder when 986 is divided by 141.
140
Calculate the remainder when 378 is divided by 82.
50
What is the remainder when 2223 is divided by 1100?
23
What is the remainder when 223 is divided by 55?
3
What is the remainder when 65 is divided by 17?
14
What is the remainder when 74 is divided by 12?
2
Calculate the remainder when 3120 is divided by 1037.
9
Calculate the remainder when 211 is divided by 27.
22
Calculate the remainder when 126 is divided by 27.
18
Calculate the remainder when 238 is divided by 8.
6
Calculate the remainder when 72 is divided by 2.
0
What is the remainder when 46 is divided by 2?
0
Calculate the remainder when 87 is divided by 15.
12
Calculate the remainder when 256 is divided by 121.
14
What is the remainder when 300 is divided by 7?
6
Calculate the remainder when 1673 is divided by 27.
26
Calculate the remainder when 394 is divided by 137.
120
Calculate the remainder when 1229 is divided by 154.
151
What is the remainder when 206 is divided by 11?
8
What is the remainder when 167 is divided by 41?
3
What is the remainder when 339 is divided by 198?
141
Calculate the remainder when 2154 is divided by 22.
20
Calculate the remainder when 315 is divided by 53.
50
What is the remainder when 12318 is divided by 97?
96
Calculate the remainder when 1072 is divided by 43.
40
Calculate the remainder when 453 is divided by 35.
33
What is the remainder when 2226 is divided by 17?
16
Calculate the remainder when 13219 is divided by 11.
8
What is the remainder when 79 is divided by 27?
25
What is the remainder when 136 is divided by 14?
10
What is the remainder when 4461 is divided by 8?
5
What is the remainder when 5209 is divided by 27?
25
Calculate the remainder when 1702 is divided by 19.
11
Calculate the remainder when 47 is divided by 16.
15
What is the remainder when 1429 is divided by 337?
81
What is the remainder when 1310 is divided by 47?
41
What is the remainder when 5432 is divided by 48?
8
Calculate the remainder when 94 is divided by 24.
22
What is the remainder when 9899 is divided by 36?
35
What is the remainder when 271 is divided by 69?
64
Calculate the remainder when 65 is divided by 17.
14
Calculate the remainder when 292 is divided by 43.
34
What is the remainder when 32 is divided by 11?
10
Calculate the remainder when 119 is divided by 25.
19
What is the remainder when 3116 is divided by 26?
22
What is the remainder when 3703 is divided by 1848?
7
What is the remainder when 131 is divided by 29?
15
What is the remainder when 284 is divided by 57?
56
What is the remainder when 2858 is divided by 11?
9
Calculate the remainder when 58 is divided by 27.
4
What is the remainder when 147 is divided by 30?
27
What is the remainder when 98 is divided by 88?
10
Calculate the remainder when 947 is divided by 29.
19
Calculate the remainder when 6 is divided by 6.
0
What is the remainder when 153 is divided by 53?
47
What is the remainder when 411 is divided by 205?
1
What is the remainder when 560 is divided by 17?
16
What is the remainder when 25266 is divided by 162?
156
Calculate the remainder when 275 is divided by 12.
11
Calculate the remainder when 147 is divided by 77.
70
What is the remainder when 126 is divided by 16?
14
What is the remainder when 424 is divided by 190?
44
Calculate the remainder when 150 is divided by 8.
6
What is the remainder when 3798 is divided by 1885?
28
Calculate the remainder when 122 is divided by 22.
12
What is the remainder when 49 is divided by 26?
23
Calculate the remainder when 1828 is divided by 16.
4
Calculate the remainder when 326 is divided by 307.
19
What is the remainder when 624 is divided by 57?
54
Calculate the remainder when 145 is divided by 49.
47
What is the remainder when 1097 is divided by 184?
177
What is the remainder when 6103 is divided by 33?
31
Calculate the remainder when 255 is divided by 29.
23
Calculate the remainder when 485 is divided by 151.
32
Calculate the remainder when 762 is divided by 32.
26
What is the remainder when 2124 is divided by 25?
24
Calculate the remainder when 1179 is divided by 13.
9
What is the remainder when 506 is divided by 27?
20
Calculate the remainder when 256 is divided by 57.
28
What is the remainder when 264 is divided by 47?
29
Calculate the remainder when 13 is divided by 4.
1
What is the remainder when 366 is divided by 37?
33
Calculate the remainder when 261 is divided by 36.
9
What is the remainder when 212 is divided by 57?
41
What is the remainder when 458 is divided by 93?
86
Calculate the remainder when 2358 is divided by 59.
57
Calculate the remainder when 169 is divided by 43.
40
Calculate the remainder when 977 is divided by 109.
105
Calculate the remainder when 248 is divided by 35.
3
Calculate the remainder when 243 is divided by 88.
67
What is the remainder when 1720 is divided by 21?
19
Calculate the remainder when 302 is divided by 63.
50
What is the remainder when 552 is divided by 112?
104
What is the remainder when 237 is divided by 2?
1
Calculate the remainder when 2198 is divided by 100.
98
What is the remainder when 11 is divided by 2?
1
Calculate the remainder when 433 is divided by 139.
16
Calculate the remainder when 697 is divided by 100.
97
Calculate the remainder when 1194 is divided by 297.
6
What is the remainder when 36 is divided by 33?
3
Calculate the remainder when 705 is divided by 340.
25
Calculate the remainder when 235 is divided by 40.
35
What is the remainder when 497 is divided by 4?
1
What is the remainder when 303 is divided by 79?
66
Calculate the remainder when 265 is divided by 66.
1
What is the remainder when 493 is divided by 62?
59
What is the remainder when 247 is divided by 46?
17
Calculate the remainder when 823 is divided by 114.
25
What is the remainder when 95 is divided by 18?
5
Calculate the remainder when 86 is divided by 18.
14
Calculate the remainder when 204 is divided by 50.
4
Calculate the remainder when 176 is divided by 30.
26
Calculate the remainder when 16 is divided by 13.
3
What is the remainder when 403 is divided by 120?
43
Calculate the remainder when 491 is divided by 17.
15
What is the remainder when 140 is divided by 25?
15
What is the remainder when 214 is divided by 77?
60
Calculate the remainder when 116 is divided by 66.
50
Calculate the remainder when 1258 is divided by 90.
88
What is the remainder when 374 is divided by 34?
0
What is the remainder when 254 is divided by 66?
56
What is the remainder when 248 is divided by 4?
0
Calculate the remainder when 80 is divided by 61.
19
Calculate the remainder when 1940 is divided by 76.
40
Calculate the remainder when 336 is divided by 81.
12
Calculate the remainder when 268 is divided by 247.
21
Calculate the remainder when 53 is divided by 31.
22
What is the remainder when 9612 is divided by 13?
5
Calculate the remainder when 568 is divided by 10.
8
Calculate the remainder when 2608 is divided by 118.
12
What is the remainder when 374 is divided by 47?
45
Calculate the remainder when 61 is divided by 3.
1
Calculate the remainder when 397 is divided by 50.
47
What is the remainder when 68 is divided by 35?
33
Calculate the remainder when 70 is divided by 18.
16
What is the remainder when 480 is divided by 166?
148
What is the remainder when 86 is divided by 38?
10
Calculate the remainder when 87 is divided by 26.
9
What is the remainder when 1989 is divided by 166?
163
Calculate the remainder when 190 is divided by 29.
16
Calculate the remainder when 147